en 780 is divided by 111?
3
Calculate the remainder when 411 is divided by 59.
57
What is the remainder when 364 is divided by 73?
72
What is the remainder when 182 is divided by 83?
16
Calculate the remainder when 8653 is divided by 5.
3
What is the remainder when 126 is divided by 84?
42
Calculate the remainder when 181 is divided by 8.
5
Calculate the remainder when 1873 is divided by 4.
1
What is the remainder when 236 is divided by 9?
2
What is the remainder when 614 is divided by 52?
42
Calculate the remainder when 668 is divided by 56.
52
What is the remainder when 1870 is divided by 156?
154
What is the remainder when 1049 is divided by 179?
154
Calculate the remainder when 888 is divided by 116.
76
Calculate the remainder when 348 is divided by 15.
3
What is the remainder when 271 is divided by 25?
21
What is the remainder when 74 is divided by 49?
25
What is the remainder when 157 is divided by 54?
49
What is the remainder when 61 is divided by 45?
16
What is the remainder when 194 is divided by 34?
24
Calculate the remainder when 143 is divided by 65.
13
Calculate the remainder when 169 is divided by 85.
84
Calculate the remainder when 336 is divided by 178.
158
What is the remainder when 10 is divided by 8?
2
Calculate the remainder when 1827 is divided by 74.
51
Calculate the remainder when 417 is divided by 207.
3
What is the remainder when 1273 is divided by 62?
33
Calculate the remainder when 66 is divided by 12.
6
Calculate the remainder when 447 is divided by 165.
117
Calculate the remainder when 56649 is divided by 110.
109
Calculate the remainder when 1539 is divided by 10.
9
What is the remainder when 2226 is divided by 43?
33
What is the remainder when 227 is divided by 38?
37
Calculate the remainder when 690 is divided by 20.
10
What is the remainder when 3495 is divided by 159?
156
What is the remainder when 314 is divided by 53?
49
Calculate the remainder when 5340 is divided by 232.
4
Calculate the remainder when 412 is divided by 32.
28
Calculate the remainder when 181 is divided by 48.
37
What is the remainder when 1621 is divided by 9?
1
What is the remainder when 482 is divided by 137?
71
What is the remainder when 191 is divided by 96?
95
What is the remainder when 47 is divided by 2?
1
What is the remainder when 392 is divided by 18?
14
Calculate the remainder when 434 is divided by 88.
82
What is the remainder when 931 is divided by 462?
7
Calculate the remainder when 381 is divided by 17.
7
What is the remainder when 848 is divided by 17?
15
What is the remainder when 1018 is divided by 68?
66
What is the remainder when 3638 is divided by 140?
138
Calculate the remainder when 239 is divided by 112.
15
Calculate the remainder when 283 is divided by 157.
126
Calculate the remainder when 118 is divided by 15.
13
Calculate the remainder when 136 is divided by 23.
21
Calculate the remainder when 2650 is divided by 68.
66
What is the remainder when 10518 is divided by 263?
261
Calculate the remainder when 121 is divided by 4.
1
Calculate the remainder when 345 is divided by 121.
103
Calculate the remainder when 429 is divided by 16.
13
What is the remainder when 3758 is divided by 14?
6
Calculate the remainder when 453 is divided by 15.
3
What is the remainder when 382 is divided by 55?
52
What is the remainder when 41 is divided by 13?
2
What is the remainder when 175 is divided by 18?
13
What is the remainder when 66 is divided by 13?
1
What is the remainder when 705 is divided by 12?
9
What is the remainder when 285 is divided by 85?
30
What is the remainder when 592 is divided by 17?
14
Calculate the remainder when 139 is divided by 49.
41
Calculate the remainder when 54 is divided by 40.
14
What is the remainder when 122 is divided by 5?
2
Calculate the remainder when 88 is divided by 40.
8
What is the remainder when 3608 is divided by 172?
168
What is the remainder when 255 is divided by 32?
31
What is the remainder when 171 is divided by 35?
31
Calculate the remainder when 407 is divided by 139.
129
Calculate the remainder when 97 is divided by 26.
19
What is the remainder when 114 is divided by 37?
3
Calculate the remainder when 175 is divided by 110.
65
Calculate the remainder when 502 is divided by 6.
4
What is the remainder when 6076 is divided by 95?
91
What is the remainder when 78 is divided by 26?
0
What is the remainder when 83 is divided by 40?
3
Calculate the remainder when 182 is divided by 130.
52
What is the remainder when 81 is divided by 42?
39
What is the remainder when 84 is divided by 15?
9
What is the remainder when 40 is divided by 6?
4
What is the remainder when 347 is divided by 39?
35
Calculate the remainder when 4571 is divided by 23.
17
What is the remainder when 1978 is divided by 989?
0
Calculate the remainder when 1282 is divided by 27.
13
What is the remainder when 2347 is divided by 97?
19
Calculate the remainder when 424 is divided by 23.
10
Calculate the remainder when 305 is divided by 17.
16
What is the remainder when 1018 is divided by 256?
250
What is the remainder when 307 is divided by 45?
37
Calculate the remainder when 123 is divided by 34.
21
What is the remainder when 11019 is divided by 29?
28
Calculate the remainder when 141 is divided by 35.
1
What is the remainder when 474 is divided by 97?
86
Calculate the remainder when 292 is divided by 8.
4
What is the remainder when 218 is divided by 17?
14
What is the remainder when 274 is divided by 126?
22
Calculate the remainder when 5807 is divided by 14.
11
What is the remainder when 215 is divided by 18?
17
Calculate the remainder when 44 is divided by 7.
2
What is the remainder when 858 is divided by 319?
220
Calculate the remainder when 52 is divided by 42.
10
What is the remainder when 2436 is divided by 61?
57
Calculate the remainder when 38 is divided by 25.
13
Calculate the remainder when 250 is divided by 63.
61
Calculate the remainder when 1887 is divided by 72.
15
Calculate the remainder when 381 is divided by 155.
71
What is the remainder when 116 is divided by 26?
12
Calculate the remainder when 347 is divided by 56.
11
What is the remainder when 828 is divided by 276?
0
Calculate the remainder when 26 is divided by 11.
4
Calculate the remainder when 198 is divided by 8.
6
What is the remainder when 950 is divided by 7?
5
What is the remainder when 78 is divided by 7?
1
What is the remainder when 242 is divided by 4?
2
Calculate the remainder when 1113 is divided by 320.
153
Calculate the remainder when 772 is divided by 59.
5
Calculate the remainder when 6 is divided by 3.
0
Calculate the remainder when 7887 is divided by 8.
7
Calculate the remainder when 915 is divided by 118.
89
Calculate the remainder when 4318 is divided by 120.
118
Calculate the remainder when 4261 is divided by 158.
153
Calculate the remainder when 6290 is divided by 13.
11
Calculate the remainder when 164 is divided by 41.
0
Calculate the remainder when 83 is divided by 17.
15
Calculate the remainder when 375 is divided by 51.
18
Calculate the remainder when 11481 is divided by 9.
6
What is the remainder when 71 is divided by 27?
17
Calculate the remainder when 3042 is divided by 1008.
18
What is the remainder when 446 is divided by 73?
8
What is the remainder when 17279 is divided by 18?
17
What is the remainder when 47 is divided by 23?
1
What is the remainder when 501 is divided by 499?
2
Calculate the remainder when 3499 is divided by 140.
139
Calculate the remainder when 4818 is divided by 201.
195
Calculate the remainder when 1657 is divided by 277.
272
What is the remainder when 639 is divided by 40?
39
Calculate the remainder when 304 is divided by 89.
37
Calculate the remainder when 239 is divided by 2.
1
What is the remainder when 133 is divided by 5?
3
Calculate the remainder when 375 is divided by 55.
45
What is the remainder when 1331 is divided by 14?
1
Calculate the remainder when 4219 is divided by 66.
61
What is the remainder when 145 is divided by 52?
41
Calculate the remainder when 757 is divided by 203.
148
Calculate the remainder when 172 is divided by 98.
74
Calculate the remainder when 103 is divided by 53.
50
Calculate the remainder when 282 is divided by 97.
88
What is the remainder when 490 is divided 